5641645?
3, 5, 1709443
List the prime factors of 282193012.
2, 67, 89, 11831
List the prime factors of 21988992.
2, 3, 173, 331
What are the prime factors of 2268873368?
2, 107, 109, 24317
What are the prime factors of 69324529?
29, 283, 8447
What are the prime factors of 5084006513?
5084006513
List the prime factors of 25373899.
23, 1103213
List the prime factors of 1441154611.
13, 110858047
List the prime factors of 372208345.
5, 37, 439, 4583
What are the prime factors of 441991794?
2, 3, 19, 204059
What are the prime factors of 680033708?
2, 41, 4146547
List the prime factors of 581783476.
2, 283, 513943
List the prime factors of 10054477.
19, 529183
What are the prime factors of 1730207990?
2, 5, 7, 24717257
List the prime factors of 146235194.
2, 7, 10445371
List the prime factors of 417736143.
3, 11, 23, 61153
What are the prime factors of 142285116?
2, 3, 11857093
What are the prime factors of 2281794557?
7, 23, 3079, 4603
List the prime factors of 59173096.
2, 521, 14197
What are the prime factors of 97985754?
2, 3, 79, 103, 223
List the prime factors of 50617965.
3, 5, 83, 109, 373
What are the prime factors of 208570089?
3, 7, 13, 113, 6761
List the prime factors of 574381948.
2, 7, 20513641
List the prime factors of 4270900396.
2, 7, 8539, 17863
List the prime factors of 3237466863.
3, 1079155621
List the prime factors of 32502015.
3, 5, 7, 13, 7937
List the prime factors of 451270559.
17, 41, 409, 1583
List the prime factors of 209228395.
5, 353, 118543
What are the prime factors of 9706179?
3, 7, 462199
What are the prime factors of 61158996?
2, 3, 17, 33311
What are the prime factors of 23613221?
17, 29, 211, 227
List the prime factors of 107345162.
2, 109, 492409
List the prime factors of 67665673.
67665673
List the prime factors of 86942454.
2, 3, 17, 599, 1423
List the prime factors of 295242675.
3, 5, 7, 13, 181, 239
What are the prime factors of 57249827?
57249827
What are the prime factors of 813680?
2, 5, 7, 1453
List the prime factors of 1054642088.
2, 1741, 75721
List the prime factors of 69637790.
2, 5, 23, 67, 4519
What are the prime factors of 1292483212?
2, 323120803
What are the prime factors of 423996332?
2, 105999083
List the prime factors of 689368652.
2, 7, 167, 21061
List the prime factors of 22116957.
3, 7372319
List the prime factors of 1593020770.
2, 5, 11, 1213, 11939
What are the prime factors of 63952366?
2, 19, 29, 131, 443
List the prime factors of 135221483.
135221483
What are the prime factors of 1341409960?
2, 5, 11, 3048659
What are the prime factors of 32523388?
2, 1307, 6221
What are the prime factors of 18397248?
2, 3, 95819
What are the prime factors of 607148076?
2, 3, 4493, 11261
List the prime factors of 188713405.
5, 37742681
List the prime factors of 336214374.
2, 3, 56035729
List the prime factors of 1147618217.
773, 1484629
List the prime factors of 1357591965.
3, 5, 1601, 56531
What are the prime factors of 72055553?
1789, 40277
List the prime factors of 76801405.
5, 41, 374641
List the prime factors of 29200013.
29, 1006897
What are the prime factors of 218696806?
2, 17, 79, 81421
List the prime factors of 267117195.
3, 5, 127, 281, 499
List the prime factors of 585200945.
5, 7, 17, 983531
List the prime factors of 21936895.
5, 4387379
List the prime factors of 212725019.
13, 16363463
List the prime factors of 549122291.
37, 47, 337, 937
What are the prime factors of 1458236973?
3, 486078991
What are the prime factors of 1489789845?
3, 5, 163, 197, 1031
List the prime factors of 1948494288.
2, 3, 13, 401, 599
What are the prime factors of 130790977?
130790977
List the prime factors of 44648681.
7, 11, 17, 23, 1483
What are the prime factors of 40838869?
23, 1217, 1459
List the prime factors of 5333830017.
3, 29, 61308391
What are the prime factors of 76700426?
2, 11, 179, 19477
What are the prime factors of 2944600385?
5, 97, 587, 10343
What are the prime factors of 1673472114?
2, 3, 92970673
What are the prime factors of 793682232?
2, 3, 7, 47, 100517
List the prime factors of 144892338.
2, 3, 107, 225689
List the prime factors of 1860779624.
2, 11, 61, 31513
List the prime factors of 355913423.
193, 1844111
List the prime factors of 52409836.
2, 13102459
List the prime factors of 5004766822.
2, 11, 7229, 31469
What are the prime factors of 15243270?
2, 3, 5, 7, 29, 2503
What are the prime factors of 2701515331?
6977, 387203
What are the prime factors of 512136778?
2, 13127, 19507
List the prime factors of 52309370.
2, 5, 5230937
List the prime factors of 12671427.
3, 37, 114157
List the prime factors of 3203533692.
2, 3, 29662349
List the prime factors of 734904275.
5, 7, 307, 13679
List the prime factors of 4339329298.
2, 1033, 2100353
What are the prime factors of 166924750?
2, 5, 667699
List the prime factors of 5985704.
2, 23, 32531
What are the prime factors of 4692813248?
2, 73325207
What are the prime factors of 212709417?
3, 70903139
What are the prime factors of 83204321?
2671, 31151
List the prime factors of 5605929591.
3, 1868643197
List the prime factors of 100483519.
4673, 21503
List the prime factors of 229741629.
3, 13, 317, 18583
What are the prime factors of 73888653?
3, 47, 149, 3517
What are the prime factors of 786819215?
5, 7, 13, 31, 613
What are the prime factors of 359135484?
2, 3, 43, 695999
List the prime factors of 35649995.
5, 193, 36943
List the prime factors of 66146739.
3, 829, 26597
What are the prime factors of 2434557605?
5, 486911521
What are the prime factors of 951020669?
6529, 145661
What are the prime factors of 41759737?
41759737
List the prime factors of 173988136.
2, 7, 1019, 3049
What are the prime factors of 214671168?
2, 3, 124231
List the prime factors of 3901276.
2, 67, 14557
List the prime factors of 2134316507.
857, 2490451
What are the prime factors of 1288174200?
2, 3, 5, 29, 101, 733
What are the prime factors of 146369979?
3, 7, 43, 71, 761
What are the prime factors of 19575963?
3, 11, 79, 2503
List the prime factors of 98187580.
2, 5, 17, 317, 911
List the prime factors of 249022512.
2, 3, 19, 3371
What are the prime factors of 198458559?
3, 13, 23, 31, 61
List the prime factors of 1155501299.
1155501299
List the prime factors of 5746425639.
3, 23, 31, 61, 44041
What are the prime factors of 1196350883?
7, 13, 1669, 7877
What are the prime factors of 169466616?
2, 3, 11, 213973
List the prime factors of 99865252.
2, 4051, 6163
List the prime factors of 840074080.
2, 5, 23, 228281
List the prime factors of 38134553.
17, 2243209
What are the prime factors of 559924191?
3, 20737933
List the prime factors of 195212670.
2, 3, 5, 137, 47497
List the prime factors of 2145751775.
5, 85830071
What are the prime factors of 6806643294?
2, 3, 11, 17, 6066527
List the prime factors of 15309564.
2, 3, 29, 37, 41
List the prime factors of 403369313.
223, 1808831
What are the prime factors of 748378326?
2, 3, 367, 339863
What are the prime factors of 235208121?
3, 2797, 28031
List the prime factors of 90702152.
2, 2083, 5443
List the prime factors of 6861411882.
2, 3, 13, 61, 160231
List the prime factors of 572657128.
2, 23, 3112267
List the prime factors of 660043244.
2, 7, 23572973
What are the prime factors of 2043858774?
2, 3, 41, 8308369
List the prime factors of 3976689270.
2, 3, 5, 47, 2820347
List the prime factors of 2770247514.
2, 3, 461707919
What are the prime factors of 2506873094?
2, 11, 31, 3675767
What are the prime factors of 104750431?
317, 491, 673
What are the prime factors of 1028479162?
2, 71, 101, 71711
List the prime factors of 38648690.
2, 5, 103, 157, 239
List the prime factors of 673784272.
2, 7, 6015931
What are the prime factors of 1130255688?
2, 3, 43, 1095209
What are the prime factors of 87434951?
5653, 15467
List the prime factors of 49010493.
3, 7, 23, 29, 3499
List the prime factors of 1404606174.
2, 3, 467, 501287
List the prime factors of 5740566988.
2, 13, 8491963
List the prime factors of 46905140.
2, 5, 2345257
What are the prime factors of 58748437?
11, 19, 181, 1553
What are the prime factors of 129223240?
2, 5, 37, 87313
What are the prime factors of 483053554?
2, 41, 53, 111149
What are the prime factors of 752932320?
2, 3, 5, 7, 331, 677
List the prime factors of 330327525.
3, 5, 11, 367, 1091
W